-k + 10 = -3*x + 33, -2 = -2*x. Let p be 3/(-2)*k/6. Let t(u) = 2*u**2 - 7*u + 4. What are the prime factors of t(p)?
19
Let i be 27/12 + 1/(-4). Suppose 4 = -i*u - 4. List the prime factors of u + 2 - (-55)/5.
3
Suppose 191 = 4*h + 1555. Let f be 1/4 - h/(-4). List the prime factors of (-3)/6 + f/(-10).
2
Let a(s) = 10*s**2 - 14*s - 6. Let w be a(5). Suppose -4*c - 42 + w = 0. What are the prime factors of c?
3, 11
Suppose -6926 + 1924 = -41*v. What are the prime factors of v?
2, 61
Suppose -76*i + 6039 + 2625 = 0. List the prime factors of i.
2, 3, 19
Suppose 0 = 3*b - 5*x + 32, 5*b + x + 12 = -x. List the prime factors of (-42)/b*(-128)/(-24).
2, 7
Suppose -3*v + f = -0*f, 0 = 2*v - f. Suppose v = -3*k + 15. Let w(j) = -j**3 + 6*j**2 - 3*j + 4. What are the prime factors of w(k)?
2, 7
Let o(p) = 208*p + 40. Let u be o(4). Let v = u - 611. What are the prime factors of v?
3, 29
Let w(k) = -k**3 - 4*k**2 + 16*k + 48. What are the prime factors of w(-10)?
2, 61
Let q be (1 + -1)*(-7 + 8). Let c be (q + -1 + 2)*2. Suppose -50 = -4*v + 2*y, -v = -4*v + c*y + 38. List the prime factors of v.
2, 3
Suppose -6*u = 11 - 29. Let i = 435 - 285. Suppose -3*o - 3*k + 159 = 0, u*o - 5*k - i = -31. What are the prime factors of o?
2, 3
Let z(l) = 32*l**2 - 30*l - 251. List the prime factors of z(-9).
7, 373
Let d(m) = -m**3 - 13*m**2 - 4*m + 18. Suppose b + 10 = -3. List the prime factors of d(b).
2, 5, 7
Let z = -48 - -82. Let o = z - 30. Let k = 74 - o. What are the prime factors of k?
2, 5, 7
Let a be 58*(25/(-10) + 3). Suppose -a*n + 34*n - 160 = 0. What are the prime factors of n?
2
Suppose 21*x - 3545 - 3805 = 0. What are the prime factors of x?
2, 5, 7
Suppose 5*v + 19*k - 18*k - 14565 = 0, -2*v + 3*k + 5826 = 0. List the prime factors of v.
3, 971
List the prime factors of (-7)/(-1) + -3 + (2407 - 19).
2, 13, 23
List the prime factors of (1*60)/5*(-12699)/(-36).
3, 17, 83
Let u = -45 - -142. What are the prime factors of 32/(-8) + 3 + u?
2, 3
Suppose 4*l - 32 = 5*w, -5*w - 22 = l - 5. List the prime factors of -8*1/(-2) - (w - 297).
5, 61
Suppose 1 = -3*f - 8. Let o(c) = 9*c**2 - 2*c. List the prime factors of o(f).
3, 29
Let i(o) = -9*o - 6. Let h be i(-7). Suppose 4*u - 2*s = 210, u + h = 2*u + 4*s. What are the prime factors of u?
53
Suppose 0 = 16*p - 4526 - 290. List the prime factors of p.
7, 43
Let l = -724 + 1354. What are the prime factors of l?
2, 3, 5, 7
Let l(t) = -t**3 - 79*t**2 + 135*t + 123. List the prime factors of l(-81).
2, 3, 5, 7, 11
Let t be ((-1)/3)/(5/(-645)). Suppose 2*y = 15 + t. List the prime factors of y.
29
Let q = -16 + 17. Suppose -b = -q + 3. List the prime factors of 32*((-3)/b)/3.
2
Let w be 14/6 - (-8)/12. Let u be w - (4 + 0 - 3). List the prime factors of ((-18)/15)/(u/(-75)).
3, 5
Let y(f) = 31*f**2 - 8*f - 1. Let s(p) = -p**2 + p. Let x(l) = 6*s(l) + y(l). What are the prime factors of x(2)?
5, 19
Let c = -107 + 72. Let w = c - -51. List the prime factors of 60/(-2)*(-24)/w.
3, 5
Suppose 0 = -2*x + 5*x. Let b(k) = 4*k**3 - k**2 + k + 2. Let l be b(2). Suppose x = i - l + 1. List the prime factors of i.
31
Suppose 2*l + 2*k = 58, 4*l - 4*k - 144 = -k. Suppose w = -2*w - l. What are the prime factors of -4 - -1 - (1 + w)?
7
Suppose 84*l - 3*l - 199017 = 0. What are the prime factors of l?
3, 7, 13
Suppose 5*g + 5*j - 83 + 13 = 0, -2*g + 26 = 3*j. Let y = -11 + g. Suppose y*o - 46 = 3*o. List the prime factors of o.
23
Suppose 4*k = -2*q + 8, 9*q + 16 = -k + 4*q. Suppose -k*i + i - 570 = -3*c, 2*c - 378 = i. List the prime factors of c.
2, 47
Let a = 14 - 20. Let j = 278 + -265. Let g = a + j. List the prime factors of g.
7
Let t = 1561 - 895. What are the prime factors of t?
2, 3, 37
Let z = 1 - -2. Suppose -2*g + 8*n + 15 = 3*n, -2*g - 9 = 3*n. Suppose 0 = a - 3*v - 30, g = -2*v - z*v - 20. What are the prime factors of a?
2, 3
Let k(h) be the first derivative of -h**2/2 - 5. Let y(j) = -j**3 - j**2 - 6*j + 4. Let m(l) = -5*k(l) + y(l). What are the prime factors of m(-3)?
5
Let o(l) be the first derivative of l**3/3 + 5*l**2/2 - 9*l + 4. What are the prime factors of o(-11)?
3, 19
Let o(t) = -t**3 + 4*t**2 + 8*t - 6. Let p = -36 + 26. Let r = -5 - p. List the prime factors of o(r).
3
Let s(r) = -r + 1. Let o(t) = 52*t**2 + 6*t - 7. Let w(b) = o(b) + 3*s(b). What are the prime factors of w(1)?
3, 17
Let d = -391 - -1080. What are the prime factors of d?
13, 53
Let x be 4*(27/(-12))/((-6)/4). What are the prime factors of (-6)/(-4) + 183/x?
2
Let a be 1160/10 + 1*-1. Suppose -d - a = -6*d. Suppose 2*h - w - d = -6*w, 0 = -h + 3*w + 17. List the prime factors of h.
2, 7
Suppose 0 = j + 3*l + 3, 0*j = -5*j - l - 29. List the prime factors of -5 - 4*141/j.
89
Suppose -6*d - 2173 = -14431. What are the prime factors of d?
3, 227
Suppose -t - 6245 = -2*x, -5*t + 15608 = 5*x - 9*t. List the prime factors of x.
2, 11, 71
Let x be 17/3 - (-3)/9. Suppose 3*r - d = 33 + x, 0 = -5*r + 3*d + 69. What are the prime factors of 3*(-8)/r + 20?
2, 3
Suppose -4848 = -27*h + 11*h. List the prime factors of h.
3, 101
Suppose 0 = -2*x + x + 2*f + 722, 5*x = 4*f + 3604. List the prime factors of x.
2, 3, 5
Suppose -35 = -3*l + 4*f, -5*l - 5*f = -0*f - 35. Let p be (15/l)/((-1)/(-3)). Suppose v - c + 10 = 38, c + 120 = p*v. List the prime factors of v.
23
Let d be -484 + -6 + -1 + (-2 - -3). List the prime factors of ((-6)/(-2))/(((-45)/d)/3).
2, 7
Suppose 6*g = 3*g - w + 1301, 0 = -4*w + 20. List the prime factors of g.
2, 3
Suppose 17 + 20 = -h + 2*d, -137 = 5*h + 2*d. Let w(o) = -o**2 - 8*o + 19. Let f be w(-13). Let s = h - f. List the prime factors of s.
17
Suppose -2*q + 1298 = 3*t, -2*q - t = -6*t - 1266. What are the prime factors of q?
643
Let j(c) = -c**2 - 1. Let i(m) = -m**2 - 12*m - 16. Let w(l) = i(l) - 3*j(l). What are the prime factors of w(9)?
41
Suppose -f = 2*f - b - 20, 2*f + b = 5. Suppose 0 = -8*x + 3*x. Suppose -5*h + x*q - 2*q + 120 = 0, f*q = h - 24. List the prime factors of h.
2, 3
Let w(h) be the third derivative of -7*h**6/15 + h**5/60 + h**2. Let u be w(-1). Let b = -17 + u. List the prime factors of b.
2, 5
Suppose -11*j + 16 = -15*j. Let h be (-28)/j - (2 + 1). List the prime factors of 18 - h/(-4) - -3.
2, 11
Let n = -278 + 666. Suppose p = 4*o - n + 149, -15 = 5*p. What are the prime factors of o?
59
Suppose 21082 = 34*q - 372. List the prime factors of q.
631
Suppose -45*m = -44*m - 30. Suppose -10*u = -7*u - m. What are the prime factors of u?
2, 5
Suppose -8*l + 990 = -5*l. Suppose 4*n + l = 7*n. What are the prime factors of n?
2, 5, 11
Suppose -6 = -3*s + 3. Suppose 7*g = s*g + 144. List the prime factors of g.
2, 3
Suppose -4*b = 5*w + 293, b + 1 = -1. Let s = 75 - w. What are the prime factors of s?
2, 3, 11
Let g = -477 + 479. Let a = 94 - 12. Suppose -k + 29 = c, c + 2*c - g*k = a. List the prime factors of c.
2, 7
Suppose 0 = -6*o - 3 - 45. Let f = o - -123. What are the prime factors of f?
5, 23
Suppose -474 = -5*n + 3*t + 207, 4*n - 540 = 4*t. Suppose 0 = 2*o - 4*f - n, -4*o - o - 3*f + 306 = 0. What are the prime factors of o?
3, 7
Suppose 0 = 2*y - 517 + 129. List the prime factors of y.
2, 97
Let t be 1 + -5 + (13 - 6). Suppose 37 - 202 = -t*a. Let v = a - -11. List the prime factors of v.
2, 3, 11
Let c(b) = -48*b - 266. List the prime factors of c(-21).
2, 7, 53
Let y(a) = a**3 - 16*a**2 + 16*a - 5. Let g be ((-12)/(-10))/(3/40). List the prime factors of y(g).
251
What are the prime factors of 9/27*((-1 - 1) + 6110)?
2, 509
Let u = 117 - 39. Let o(y) = -y**3 - y**2 + 4*y - 4. Let h be o(-4). Let t = u - h. List the prime factors of t.
2, 5
Let x = -7 - -10. Suppose -89 + 29 = x*f. List the prime factors of f/90 - (-112)/18.
2, 3
Let v = 7 + -4. Suppose 11 = 4*t - 0*t + v*x, -x + 11 = 5*t. Suppose t*s - 30 = -0*s. List the prime factors of s.
3, 5
Let w(d) = d**2 - 17*d. Let v be w(17). Suppose v*c = -2*c. Suppose z - 3*l - 11 = 49, -5*z + 2*l + 339 = c. What are the prime factors of z?
3, 23
Let f be 2219/5 + (-2)/(-10). Let i be 7/(14/f) - 0. Suppose 0 = 5*d + 22 - i. List the prime factors of d.
2, 5
Let y(r) = -2*r - 4 + 8 + 0. Let t be y(4). Let g = t + 7. List the prime factors of g.
3
Let x(z) = z + 1. Let y be x(2). Let v be (-3)/(-5) - 52/(-130). Suppose a + 4*a = -2*k 